e hundred thousands digit of 1452045?
4
What is the millions digit of 1772493?
1
What is the tens digit of 27044656?
5
What is the thousands digit of 617889?
7
What is the hundred thousands digit of 297199?
2
What is the ten thousands digit of 627233?
2
What is the ten thousands digit of 11104763?
0
What is the units digit of 1196242?
2
What is the hundred thousands digit of 1013479?
0
What is the thousands digit of 625169?
5
What is the thousands digit of 222985?
2
What is the ten thousands digit of 335367?
3
What is the ten millions digit of 28537295?
2
What is the thousands digit of 231167?
1
What is the thousands digit of 375541?
5
What is the units digit of 1083076?
6
What is the millions digit of 15108320?
5
What is the ten thousands digit of 899191?
9
What is the tens digit of 8911676?
7
What is the thousands digit of 122191?
2
What is the hundreds digit of 72186?
1
What is the units digit of 272455?
5
What is the ten thousands digit of 2066914?
6
What is the tens digit of 182986?
8
What is the tens digit of 1126438?
3
What is the hundreds digit of 567720?
7
What is the hundreds digit of 25882296?
2
What is the ten thousands digit of 128300?
2
What is the millions digit of 9579094?
9
What is the thousands digit of 38649?
8
What is the thousands digit of 15779682?
9
What is the tens digit of 2482193?
9
What is the hundred thousands digit of 2537030?
5
What is the tens digit of 59170?
7
What is the ten thousands digit of 54029?
5
What is the hundred thousands digit of 277287?
2
What is the hundreds digit of 82917?
9
What is the units digit of 971199?
9
What is the units digit of 998862?
2
What is the ten thousands digit of 4337533?
3
What is the ten thousands digit of 507214?
0
What is the tens digit of 17964189?
8
What is the tens digit of 6226281?
8
What is the hundred thousands digit of 1445434?
4
What is the tens digit of 14662?
6
What is the units digit of 936284?
4
What is the hundreds digit of 6459624?
6
What is the hundred thousands digit of 8295396?
2
What is the thousands digit of 7112?
7
What is the millions digit of 12198049?
2
What is the tens digit of 174921?
2
What is the ten thousands digit of 16086?
1
What is the ten thousands digit of 743795?
4
What is the hundred thousands digit of 1126114?
1
What is the thousands digit of 2593478?
3
What is the units digit of 7026401?
1
What is the thousands digit of 12259396?
9
What is the ten thousands digit of 576544?
7
What is the ten thousands digit of 1231284?
3
What is the units digit of 47565?
5
What is the hundred thousands digit of 2489943?
4
What is the hundreds digit of 504845?
8
What is the tens digit of 3747386?
8
What is the thousands digit of 1720237?
0
What is the tens digit of 23108?
0
What is the hundreds digit of 546838?
8
What is the tens digit of 2009022?
2
What is the ten thousands digit of 761140?
6
What is the tens digit of 991518?
1
What is the ten thousands digit of 124402?
2
What is the hundreds digit of 82295?
2
What is the thousands digit of 862737?
2
What is the tens digit of 2770120?
2
What is the ten thousands digit of 3872711?
7
What is the hundred thousands digit of 234680?
2
What is the thousands digit of 426518?
6
What is the hundred thousands digit of 7915499?
9
What is the units digit of 39644?
4
What is the units digit of 186781?
1
What is the hundred thousands digit of 355195?
3
What is the hundreds digit of 5517094?
0
What is the ten thousands digit of 361138?
6
What is the ten thousands digit of 279017?
7
What is the units digit of 138882?
2
What is the thousands digit of 92021?
2
What is the hundreds digit of 3728994?
9
What is the tens digit of 24893729?
2
What is the hundred thousands digit of 29884637?
8
What is the hundred thousands digit of 417622?
4
What is the tens digit of 1334817?
1
What is the tens digit of 2481518?
1
What is the thousands digit of 760988?
0
What is the thousands digit of 458258?
8
What is the hundreds digit of 127091?
0
What is the thousands digit of 5682?
5
What is the units digit of 1076016?
6
What is the tens digit of 796575?
7
What is the hundred thousands digit of 188549?
1
What is the thousands digit of 1717115?
7
What is the hundred thousands digit of 238316?
2
What is the hundreds digit of 3140657?
6
What is the thousands digit of 9687?
9
What is the thousands digit of 1836659?
6
What is the tens digit of 2001052?
5
What is the hundred thousands digit of 583994?
5
What is the tens digit of 826700?
0
What is the hundreds digit of 1154362?
3
What is the thousands digit of 6973128?
3
What is the tens digit of 1589786?
8
What is the units digit of 1875535?
5
What is the hundreds digit of 14816?
8
What is the millions digit of 10488084?
0
What is the thousands digit of 3789305?
9
What is the hundreds digit of 380936?
9
What is the hundreds digit of 326030?
0
What is the millions digit of 7012918?
7
What is the units digit of 510298?
8
What is the thousands digit of 946755?
6
What is the tens digit of 4958284?
8
What is the tens digit of 6125583?
8
What is the hundreds digit of 889255?
2
What is the hundred thousands digit of 1817538?
8
What is the tens digit of 5128281?
8
What is the thousands digit of 120600?
0
What is the units digit of 3295421?
1
What is the hundreds digit of 399690?
6
What is the millions digit of 3099455?
3
What is the units digit of 25476293?
3
What is the hundreds digit of 3669757?
7
What is the millions digit of 7187075?
7
What is the hundred thousands digit of 13966279?
9
What is the hundreds digit of 30311?
3
What is the hundred thousands digit of 763208?
7
What is the units digit of 2839173?
3
What is the millions digit of 6553860?
6
What is the hundred thousands digit of 8719319?
7
What is the hundred thousands digit of 426855?
4
What is the tens digit of 923075?
7
What is the thousands digit of 519460?
9
What is the millions digit of 3973596?
3
What is the ten thousands digit of 1977679?
7
What is the ten thousands digit of 394387?
9
What is the thousands digit of 1870369?
0
What is the millions digit of 4122506?
4
What is the hundreds digit of 898298?
2
What is the hundred thousands digit of 191605?
1
What is the hundreds digit of 2629478?
4
What is the hundreds digit of 170092?
0
What is the hundred thousands digit of 295394?
2
What is the tens digit of 374676?
7
What is the ten thousands digit of 74835?
7
What is the hundred thousands digit of 274654?
2
What is the tens digit of 211640?
4
What is the tens digit of 75597?
9
What is the hundreds digit of 18610146?
1
What is the ten thousands digit of 543068?
4
What is the tens digit of 1034499?
9
What is the hundred thousands digit of 3643401?
6
What is the ten thousands digit of 2811631?
1
What is the units digit of 2759074?
4
What is the tens digit of 443159?
5
What is the millions digit of 9352225?
9
What is the ten thousands digit of 4375055?
7
What is the hundred thousands digit of 21095652?
0
What is the units digit of 4579557?
7
What is the units digit of 372076?
6
What is the hundreds digit of 234712?
7
What is the units digit of 638176?
6
What is the thousands digit of 200707?
0
What is the thousands digit of 16903627?
3
What is the hundreds digit of 6205290?
2
What is the tens digit of 222522?
2
What is the millions digit of 3425118?
3
What is the millions digit of 13013643?
3
What is the hundred thousands digit of 183986?
1
What is the units digit of 14961?
1
What is the hundreds digit of 622661?
6
What is the hundred thousands digit of 1062838?
0
What is the ten thousands digit of 11095680?
9
What is the units digit of 872355?
5
What is the units digit of 14895017?
7
What is the thousands digit of 959701?
9
What is the tens digit of 1093113?
1
What is the ten thousands digit of 8707754?
0
What is the hundreds digit of 1178114?
1
What is the ten thousands digit of 3646845?
4
What is the units digit of 143751?
1
What is the hundred thousands digit of 8081522?
0
What is the units digit of 574608?
8
What is the units digit of 715779?
9
What is the ten thousands digit of 515461?
1
What is the ten thousands digit of 543671?
4
What is the ten thousands digit of 2883263?
8
What is the hundreds digit of 287940?
9
What is the ten thousands digit of 642318?
4
What is the units digit of 124374?
4
What is the units digit of 305